{"id":431,"date":"2019-09-24T13:58:28","date_gmt":"2019-09-24T13:58:28","guid":{"rendered":"http:\/\/cachorrostodoterreno.com\/?page_id=431"},"modified":"2021-04-25T15:37:43","modified_gmt":"2021-04-25T15:37:43","slug":"dogscoutsmadrid","status":"publish","type":"page","link":"https:\/\/cachorrostodoterreno.com\/index.php\/dogscoutsmadrid\/","title":{"rendered":"DogScouts Madrid"},"content":{"rendered":"\t\t<div data-elementor-type=\"wp-page\" data-elementor-id=\"431\" class=\"elementor elementor-431\">\n\t\t\t\t\t\t<section class=\"elementor-section elementor-top-section elementor-element elementor-element-570be22c elementor-section-boxed elementor-section-height-default elementor-section-height-default\" data-id=\"570be22c\" data-element_type=\"section\">\n\t\t\t\t\t\t<div class=\"elementor-container elementor-column-gap-default\">\n\t\t\t\t\t<div class=\"elementor-column elementor-col-100 elementor-top-column elementor-element elementor-element-1860cccb\" data-id=\"1860cccb\" data-element_type=\"column\">\n\t\t\t<div class=\"elementor-widget-wrap elementor-element-populated\">\n\t\t\t\t\t\t<div class=\"elementor-element elementor-element-7a48ab3 elementor-widget elementor-widget-image\" data-id=\"7a48ab3\" data-element_type=\"widget\" data-widget_type=\"image.default\">\n\t\t\t\t<div class=\"elementor-widget-container\">\n\t\t\t\t\t\t\t\t\t\t\t\t\t<img fetchpriority=\"high\" decoding=\"async\" width=\"750\" height=\"285\" src=\"https:\/\/cachorrostodoterreno.com\/wp-content\/uploads\/2019\/09\/CACHORROS-TODOTERRENO-DOGSCOUTS-MADRID.png\" class=\"attachment-large size-large wp-image-415\" alt=\"\" srcset=\"https:\/\/cachorrostodoterreno.com\/wp-content\/uploads\/2019\/09\/CACHORROS-TODOTERRENO-DOGSCOUTS-MADRID.png 820w, https:\/\/cachorrostodoterreno.com\/wp-content\/uploads\/2019\/09\/CACHORROS-TODOTERRENO-DOGSCOUTS-MADRID-300x114.png 300w, https:\/\/cachorrostodoterreno.com\/wp-content\/uploads\/2019\/09\/CACHORROS-TODOTERRENO-DOGSCOUTS-MADRID-768x292.png 768w, https:\/\/cachorrostodoterreno.com\/wp-content\/uploads\/2019\/09\/CACHORROS-TODOTERRENO-DOGSCOUTS-MADRID-50x19.png 50w, https:\/\/cachorrostodoterreno.com\/wp-content\/uploads\/2019\/09\/CACHORROS-TODOTERRENO-DOGSCOUTS-MADRID-600x228.png 600w\" sizes=\"(max-width: 750px) 100vw, 750px\" \/>\t\t\t\t\t\t\t\t\t\t\t\t\t<\/div>\n\t\t\t\t<\/div>\n\t\t\t\t<div class=\"elementor-element elementor-element-7f5b32fa elementor-widget elementor-widget-text-editor\" data-id=\"7f5b32fa\" data-element_type=\"widget\" data-widget_type=\"text-editor.default\">\n\t\t\t\t<div class=\"elementor-widget-container\">\n\t\t\t\t\t\t\t<!-- wp:themeisle-blocks\/advanced-columns {\"id\":\"wp-block-themeisle-blocks-advanced-columns-d998f046\",\"columns\":1,\"layout\":\"equal\"} -->\n<div class=\"wp-block-themeisle-blocks-advanced-columns has-1-columns has-desktop-equal-layout has-tablet-equal-layout has-mobile-equal-layout has-default-gap has-vertical-unset\" id=\"wp-block-themeisle-blocks-advanced-columns-d998f046\" style=\"border-radius: 0px; justify-content: unset; border: 0px solid #000000;\">\n<div class=\"wp-themeisle-block-overlay\" style=\"opacity: 0.5; mix-blend-mode: normal;\"><\/div>\n<div class=\"innerblocks-wrap\"><!-- wp:themeisle-blocks\/advanced-column {\"id\":\"wp-block-themeisle-blocks-advanced-column-6a1b3b20\",\"columnWidth\":100} -->\n<div class=\"wp-block-themeisle-blocks-advanced-column\" id=\"wp-block-themeisle-blocks-advanced-column-6a1b3b20\" style=\"border-radius: 0px; border: 0px solid #000000;\"><!-- wp:paragraph -->\n<p><\/p>\n<!-- \/wp:paragraph --><\/div>\n<!-- \/wp:themeisle-blocks\/advanced-column --><\/div>\n<\/div>\n<!-- \/wp:themeisle-blocks\/advanced-columns -->\t\t\t\t\t\t<\/div>\n\t\t\t\t<\/div>\n\t\t\t\t\t<\/div>\n\t\t<\/div>\n\t\t\t\t\t<\/div>\n\t\t<\/section>\n\t\t\t\t<section class=\"elementor-section elementor-top-section elementor-element elementor-element-29452dd elementor-section-boxed elementor-section-height-default elementor-section-height-default\" data-id=\"29452dd\" data-element_type=\"section\">\n\t\t\t\t\t\t<div class=\"elementor-container elementor-column-gap-default\">\n\t\t\t\t\t<div class=\"elementor-column elementor-col-100 elementor-top-column elementor-element elementor-element-db61584\" data-id=\"db61584\" data-element_type=\"column\">\n\t\t\t<div class=\"elementor-widget-wrap elementor-element-populated\">\n\t\t\t\t\t\t<div class=\"elementor-element elementor-element-9a7380d elementor-widget elementor-widget-text-editor\" data-id=\"9a7380d\" data-element_type=\"widget\" data-widget_type=\"text-editor.default\">\n\t\t\t\t<div class=\"elementor-widget-container\">\n\t\t\t\t\t\t\t<p>A continuaci\u00f3n te dejo las rutas que podr\u00e1s hacer con tu cachorro o perro adulto en la Comunidad de Madrid. Todas las rutas de socializaci\u00f3n son aptas para los cachorros.\u00a0<\/p>\t\t\t\t\t\t<\/div>\n\t\t\t\t<\/div>\n\t\t\t\t\t<\/div>\n\t\t<\/div>\n\t\t\t\t\t<\/div>\n\t\t<\/section>\n\t\t\t\t<section class=\"elementor-section elementor-top-section elementor-element elementor-element-c27aa10 elementor-section-boxed elementor-section-height-default elementor-section-height-default\" data-id=\"c27aa10\" data-element_type=\"section\">\n\t\t\t\t\t\t<div class=\"elementor-container elementor-column-gap-default\">\n\t\t\t\t\t<div class=\"elementor-column elementor-col-100 elementor-top-column elementor-element elementor-element-5bcb340\" data-id=\"5bcb340\" data-element_type=\"column\">\n\t\t\t<div class=\"elementor-widget-wrap elementor-element-populated\">\n\t\t\t\t\t\t<div class=\"elementor-element elementor-element-be232c4 elementor-widget elementor-widget-text-editor\" data-id=\"be232c4\" data-element_type=\"widget\" data-widget_type=\"text-editor.default\">\n\t\t\t\t<div class=\"elementor-widget-container\">\n\t\t\t\t\t\t\t<p><span>\u00abT\u00da ERES RESPONSABLE DE LA SALUD DE TU PERRO Y DE LA TUYA\u00bb.<\/span><\/p>\t\t\t\t\t\t<\/div>\n\t\t\t\t<\/div>\n\t\t\t\t\t<\/div>\n\t\t<\/div>\n\t\t\t\t\t<\/div>\n\t\t<\/section>\n\t\t\t\t<section class=\"elementor-section elementor-top-section elementor-element elementor-element-39d127b elementor-section-boxed elementor-section-height-default elementor-section-height-default\" data-id=\"39d127b\" data-element_type=\"section\">\n\t\t\t\t\t\t<div class=\"elementor-container elementor-column-gap-default\">\n\t\t\t\t\t<div class=\"elementor-column elementor-col-100 elementor-top-column elementor-element elementor-element-a911145\" data-id=\"a911145\" data-element_type=\"column\">\n\t\t\t<div class=\"elementor-widget-wrap elementor-element-populated\">\n\t\t\t\t\t\t<div class=\"elementor-element elementor-element-401b63a elementor-widget elementor-widget-text-editor\" data-id=\"401b63a\" data-element_type=\"widget\" data-widget_type=\"text-editor.default\">\n\t\t\t\t<div class=\"elementor-widget-container\">\n\t\t\t\t\t\t\t<p><a href=\"https:\/\/cachorrostodoterreno.com\/index.php\/2020\/11\/12\/ruta-de-socializacion-arbol-encadenado\/\">+ Ruta de socializaci\u00f3n El \u00c1rbol Encadenado. Cercedilla &#8211; Madrid.<\/a><\/p>\n<p><a href=\"https:\/\/cachorrostodoterreno.com\/index.php\/2021\/01\/09\/ruta-de-socializacion-en-busca-del-agua\/\">+ Ruta de socializaci\u00f3n En busca del Agua. Guadarrama &#8211; Madrid.<\/a><\/p>\n<p><a href=\"https:\/\/cachorrostodoterreno.com\/index.php\/2021\/04\/25\/ruta-de-socializacion-lagunas-de-castrejon\/\" target=\"_blank\" rel=\"noopener\">+ Ruta de socializaci\u00f3n Lagunas de Castrej\u00f3n . Peralejo &#8211; Madrid.<\/a><\/p>\n<p><\/p>\t\t\t\t\t\t<\/div>\n\t\t\t\t<\/div>\n\t\t\t\t\t<\/div>\n\t\t<\/div>\n\t\t\t\t\t<\/div>\n\t\t<\/section>\n\t\t\t\t<\/div>\n\t\t","protected":false},"excerpt":{"rendered":"<p>A continuaci\u00f3n te dejo las rutas que podr\u00e1s hacer con tu cachorro o perro adulto en la Comunidad de Madrid. Todas las rutas de socializaci\u00f3n son aptas para los cachorros.\u00a0 \u00abT\u00da ERES RESPONSABLE DE LA SALUD DE TU PERRO Y DE LA TUYA\u00bb. + Ruta de socializaci\u00f3n El \u00c1rbol Encadenado. [&hellip;]<\/p>\n","protected":false},"author":1,"featured_media":415,"parent":0,"menu_order":0,"comment_status":"closed","ping_status":"closed","template":"","meta":{"_joinchat":[],"footnotes":""},"class_list":["post-431","page","type-page","status-publish","has-post-thumbnail","hentry"],"yoast_head":"<!-- This site is optimized with the Yoast SEO plugin v22.2 - https:\/\/yoast.com\/wordpress\/plugins\/seo\/ -->\n<title>DogScouts Madrid - Cachorros TODOTERRENO<\/title>\n<meta name=\"robots\" content=\"index, follow, max-snippet:-1, max-image-preview:large, max-video-preview:-1\" \/>\n<link rel=\"canonical\" href=\"https:\/\/cachorrostodoterreno.com\/index.php\/dogscoutsmadrid\/\" \/>\n<meta property=\"og:locale\" content=\"es_ES\" \/>\n<meta property=\"og:type\" content=\"article\" \/>\n<meta property=\"og:title\" content=\"DogScouts Madrid - Cachorros TODOTERRENO\" \/>\n<meta property=\"og:description\" content=\"A continuaci\u00f3n te dejo las rutas que podr\u00e1s hacer con tu cachorro o perro adulto en la Comunidad de Madrid. Todas las rutas de socializaci\u00f3n son aptas para los cachorros.\u00a0 \u00abT\u00da ERES RESPONSABLE DE LA SALUD DE TU PERRO Y DE LA TUYA\u00bb. + Ruta de socializaci\u00f3n El \u00c1rbol Encadenado. [&hellip;]\" \/>\n<meta property=\"og:url\" content=\"https:\/\/cachorrostodoterreno.com\/index.php\/dogscoutsmadrid\/\" \/>\n<meta property=\"og:site_name\" content=\"Cachorros TODOTERRENO\" \/>\n<meta property=\"article:modified_time\" content=\"2021-04-25T15:37:43+00:00\" \/>\n<meta property=\"og:image\" content=\"https:\/\/cachorrostodoterreno.com\/wp-content\/uploads\/2019\/09\/CACHORROS-TODOTERRENO-DOGSCOUTS-MADRID.png\" \/>\n\t<meta property=\"og:image:width\" content=\"820\" \/>\n\t<meta property=\"og:image:height\" content=\"312\" \/>\n\t<meta property=\"og:image:type\" content=\"image\/png\" \/>\n<meta name=\"twitter:card\" content=\"summary_large_image\" \/>\n<meta name=\"twitter:label1\" content=\"Tiempo de lectura\" \/>\n\t<meta name=\"twitter:data1\" content=\"1 minuto\" \/>\n<script type=\"application\/ld+json\" class=\"yoast-schema-graph\">{\"@context\":\"https:\/\/schema.org\",\"@graph\":[{\"@type\":\"WebPage\",\"@id\":\"https:\/\/cachorrostodoterreno.com\/index.php\/dogscoutsmadrid\/\",\"url\":\"https:\/\/cachorrostodoterreno.com\/index.php\/dogscoutsmadrid\/\",\"name\":\"DogScouts Madrid - Cachorros TODOTERRENO\",\"isPartOf\":{\"@id\":\"https:\/\/cachorrostodoterreno.com\/#website\"},\"primaryImageOfPage\":{\"@id\":\"https:\/\/cachorrostodoterreno.com\/index.php\/dogscoutsmadrid\/#primaryimage\"},\"image\":{\"@id\":\"https:\/\/cachorrostodoterreno.com\/index.php\/dogscoutsmadrid\/#primaryimage\"},\"thumbnailUrl\":\"https:\/\/cachorrostodoterreno.com\/wp-content\/uploads\/2019\/09\/CACHORROS-TODOTERRENO-DOGSCOUTS-MADRID.png\",\"datePublished\":\"2019-09-24T13:58:28+00:00\",\"dateModified\":\"2021-04-25T15:37:43+00:00\",\"breadcrumb\":{\"@id\":\"https:\/\/cachorrostodoterreno.com\/index.php\/dogscoutsmadrid\/#breadcrumb\"},\"inLanguage\":\"es\",\"potentialAction\":[{\"@type\":\"ReadAction\",\"target\":[\"https:\/\/cachorrostodoterreno.com\/index.php\/dogscoutsmadrid\/\"]}]},{\"@type\":\"ImageObject\",\"inLanguage\":\"es\",\"@id\":\"https:\/\/cachorrostodoterreno.com\/index.php\/dogscoutsmadrid\/#primaryimage\",\"url\":\"https:\/\/cachorrostodoterreno.com\/wp-content\/uploads\/2019\/09\/CACHORROS-TODOTERRENO-DOGSCOUTS-MADRID.png\",\"contentUrl\":\"https:\/\/cachorrostodoterreno.com\/wp-content\/uploads\/2019\/09\/CACHORROS-TODOTERRENO-DOGSCOUTS-MADRID.png\",\"width\":820,\"height\":312},{\"@type\":\"BreadcrumbList\",\"@id\":\"https:\/\/cachorrostodoterreno.com\/index.php\/dogscoutsmadrid\/#breadcrumb\",\"itemListElement\":[{\"@type\":\"ListItem\",\"position\":1,\"name\":\"Home\",\"item\":\"https:\/\/cachorrostodoterreno.com\/\"},{\"@type\":\"ListItem\",\"position\":2,\"name\":\"DogScouts Madrid\"}]},{\"@type\":\"WebSite\",\"@id\":\"https:\/\/cachorrostodoterreno.com\/#website\",\"url\":\"https:\/\/cachorrostodoterreno.com\/\",\"name\":\"Cachorros TODOTERRENO\",\"description\":\"\",\"potentialAction\":[{\"@type\":\"SearchAction\",\"target\":{\"@type\":\"EntryPoint\",\"urlTemplate\":\"https:\/\/cachorrostodoterreno.com\/?s={search_term_string}\"},\"query-input\":\"required name=search_term_string\"}],\"inLanguage\":\"es\"}]}<\/script>\n<!-- \/ Yoast SEO plugin. -->","yoast_head_json":{"title":"DogScouts Madrid - Cachorros TODOTERRENO","robots":{"index":"index","follow":"follow","max-snippet":"max-snippet:-1","max-image-preview":"max-image-preview:large","max-video-preview":"max-video-preview:-1"},"canonical":"https:\/\/cachorrostodoterreno.com\/index.php\/dogscoutsmadrid\/","og_locale":"es_ES","og_type":"article","og_title":"DogScouts Madrid - Cachorros TODOTERRENO","og_description":"A continuaci\u00f3n te dejo las rutas que podr\u00e1s hacer con tu cachorro o perro adulto en la Comunidad de Madrid. Todas las rutas de socializaci\u00f3n son aptas para los cachorros.\u00a0 \u00abT\u00da ERES RESPONSABLE DE LA SALUD DE TU PERRO Y DE LA TUYA\u00bb. + Ruta de socializaci\u00f3n El \u00c1rbol Encadenado. [&hellip;]","og_url":"https:\/\/cachorrostodoterreno.com\/index.php\/dogscoutsmadrid\/","og_site_name":"Cachorros TODOTERRENO","article_modified_time":"2021-04-25T15:37:43+00:00","og_image":[{"width":820,"height":312,"url":"https:\/\/cachorrostodoterreno.com\/wp-content\/uploads\/2019\/09\/CACHORROS-TODOTERRENO-DOGSCOUTS-MADRID.png","type":"image\/png"}],"twitter_card":"summary_large_image","twitter_misc":{"Tiempo de lectura":"1 minuto"},"schema":{"@context":"https:\/\/schema.org","@graph":[{"@type":"WebPage","@id":"https:\/\/cachorrostodoterreno.com\/index.php\/dogscoutsmadrid\/","url":"https:\/\/cachorrostodoterreno.com\/index.php\/dogscoutsmadrid\/","name":"DogScouts Madrid - Cachorros TODOTERRENO","isPartOf":{"@id":"https:\/\/cachorrostodoterreno.com\/#website"},"primaryImageOfPage":{"@id":"https:\/\/cachorrostodoterreno.com\/index.php\/dogscoutsmadrid\/#primaryimage"},"image":{"@id":"https:\/\/cachorrostodoterreno.com\/index.php\/dogscoutsmadrid\/#primaryimage"},"thumbnailUrl":"https:\/\/cachorrostodoterreno.com\/wp-content\/uploads\/2019\/09\/CACHORROS-TODOTERRENO-DOGSCOUTS-MADRID.png","datePublished":"2019-09-24T13:58:28+00:00","dateModified":"2021-04-25T15:37:43+00:00","breadcrumb":{"@id":"https:\/\/cachorrostodoterreno.com\/index.php\/dogscoutsmadrid\/#breadcrumb"},"inLanguage":"es","potentialAction":[{"@type":"ReadAction","target":["https:\/\/cachorrostodoterreno.com\/index.php\/dogscoutsmadrid\/"]}]},{"@type":"ImageObject","inLanguage":"es","@id":"https:\/\/cachorrostodoterreno.com\/index.php\/dogscoutsmadrid\/#primaryimage","url":"https:\/\/cachorrostodoterreno.com\/wp-content\/uploads\/2019\/09\/CACHORROS-TODOTERRENO-DOGSCOUTS-MADRID.png","contentUrl":"https:\/\/cachorrostodoterreno.com\/wp-content\/uploads\/2019\/09\/CACHORROS-TODOTERRENO-DOGSCOUTS-MADRID.png","width":820,"height":312},{"@type":"BreadcrumbList","@id":"https:\/\/cachorrostodoterreno.com\/index.php\/dogscoutsmadrid\/#breadcrumb","itemListElement":[{"@type":"ListItem","position":1,"name":"Home","item":"https:\/\/cachorrostodoterreno.com\/"},{"@type":"ListItem","position":2,"name":"DogScouts Madrid"}]},{"@type":"WebSite","@id":"https:\/\/cachorrostodoterreno.com\/#website","url":"https:\/\/cachorrostodoterreno.com\/","name":"Cachorros TODOTERRENO","description":"","potentialAction":[{"@type":"SearchAction","target":{"@type":"EntryPoint","urlTemplate":"https:\/\/cachorrostodoterreno.com\/?s={search_term_string}"},"query-input":"required name=search_term_string"}],"inLanguage":"es"}]}},"_links":{"self":[{"href":"https:\/\/cachorrostodoterreno.com\/index.php\/wp-json\/wp\/v2\/pages\/431","targetHints":{"allow":["GET"]}}],"collection":[{"href":"https:\/\/cachorrostodoterreno.com\/index.php\/wp-json\/wp\/v2\/pages"}],"about":[{"href":"https:\/\/cachorrostodoterreno.com\/index.php\/wp-json\/wp\/v2\/types\/page"}],"author":[{"embeddable":true,"href":"https:\/\/cachorrostodoterreno.com\/index.php\/wp-json\/wp\/v2\/users\/1"}],"replies":[{"embeddable":true,"href":"https:\/\/cachorrostodoterreno.com\/index.php\/wp-json\/wp\/v2\/comments?post=431"}],"version-history":[{"count":19,"href":"https:\/\/cachorrostodoterreno.com\/index.php\/wp-json\/wp\/v2\/pages\/431\/revisions"}],"predecessor-version":[{"id":1569,"href":"https:\/\/cachorrostodoterreno.com\/index.php\/wp-json\/wp\/v2\/pages\/431\/revisions\/1569"}],"wp:featuredmedia":[{"embeddable":true,"href":"https:\/\/cachorrostodoterreno.com\/index.php\/wp-json\/wp\/v2\/media\/415"}],"wp:attachment":[{"href":"https:\/\/cachorrostodoterreno.com\/index.php\/wp-json\/wp\/v2\/media?parent=431"}],"curies":[{"name":"wp","href":"https:\/\/api.w.org\/{rel}","templated":true}]}}